{"id":1214,"date":"2018-02-27T10:56:56","date_gmt":"2018-02-27T14:26:56","guid":{"rendered":"http:\/\/www.dgm.ufla.br\/site\/?page_id=1214"},"modified":"2019-03-13T10:34:10","modified_gmt":"2019-03-13T14:04:10","slug":"pregoes-eletronicos","status":"publish","type":"page","link":"http:\/\/www.dgm.ufla.br\/site\/http-www-dgm-ufla-br-site-pregoes-eletronicos\/pregoes-eletronicos\/","title":{"rendered":"Preg\u00f5es Eletr\u00f4nicos"},"content":{"rendered":"<h3><strong>TRADICIONAL<\/strong><\/h3>\n<p>&nbsp;<\/p>\n<p><a href=\"http:\/\/www.dgm.ufla.br\/site\/wp-content\/uploads\/2018\/04\/PE-002-2018-Aquisi\u00e7\u00e3o-QGBT-Quadro-Geral-de-Baixa-Tens\u00e3o-1.pdf\">PE 002.2018 &#8211; Aquisi\u00e7\u00e3o QGBT-Quadro Geral de Baixa Tens\u00e3o.<br \/>\n<\/a><a href=\"http:\/\/www.dgm.ufla.br\/site\/wp-content\/uploads\/2018\/04\/PE-005.2018-Servi\u00e7o-de-Telefonia-M\u00f3vel-Pessoal-\u2013-STMP-em-sistema-p\u00f3s-pago..pdf\">PE 005.2018 &#8211; Servi\u00e7o de Telefonia M\u00f3vel Pessoal \u2013 STMP em sistema p\u00f3s-pago.<\/a><br \/>\n<a href=\"http:\/\/www.dgm.ufla.br\/site\/licitacao-ufla\/2018-2\/pregoes-eletronicos\/pe-017-2018-contratacao-de-leiloeiro-oficial\/\">PE 017.2018 &#8211; Contrata\u00e7\u00e3o de Leiloeiro Oficial, com vistas \u00e0 presta\u00e7\u00e3o dos servi\u00e7os de aliena\u00e7\u00e3o de bens m\u00f3veis.<\/a><br \/>\n<a href=\"http:\/\/www.dgm.ufla.br\/site\/wp-content\/uploads\/2018\/06\/PE-019.2018-Fornecimento-de-alimenta\u00e7\u00e3o-por-interm\u00e9dio-de-postos-de-trabalho-no-Restaurante-Universit\u00e1rio..zip\">PE 019.2018 &#8211; Fornecimento de alimenta\u00e7\u00e3o, por interm\u00e9dio de postos de trabalho no Restaurante Universit\u00e1rio.<\/a><br \/>\n<a href=\"http:\/\/www.dgm.ufla.br\/site\/wp-content\/uploads\/2018\/06\/PE-020.2018-Contrata\u00e7\u00e3o-de-servi\u00e7os-continuados-de-apoio-a-comunica\u00e7\u00e3o..zip\">PE 020.2018 &#8211; Contrata\u00e7\u00e3o de servi\u00e7os continuados de apoio a comunica\u00e7\u00e3o.<\/a><br \/>\n<a href=\"http:\/\/www.dgm.ufla.br\/site\/wp-content\/uploads\/2018\/08\/PE-030.2018-Servi\u00e7os-Continuados-de-Condu\u00e7\u00e3o-e-Manuten\u00e7\u00e3o-de-Ve\u00edculos-Automotores.zip\">PE 030.2018 &#8211; Servi\u00e7os Continuados de Condu\u00e7\u00e3o e Manuten\u00e7\u00e3o de Ve\u00edculos Automotores.<\/a><br \/>\n<a href=\"http:\/\/www.dgm.ufla.br\/site\/wp-content\/uploads\/2018\/08\/PE-38.2017-Servi\u00e7o-de-Manuten\u00e7\u00e3o-Preventiva-e-Corretiva-de-Equipamentos-Odontol\u00f3gicos..pdf\">PE 038.2017 &#8211; Servi\u00e7o de Manuten\u00e7\u00e3o Preventiva e Corretiva de Equipamentos Odontol\u00f3gicos.<\/a><br \/>\n<a href=\"http:\/\/www.comprasgovernamentais.gov.br\/edital\/153032-05-40-2018\">PE 040.2018 &#8211;\u00a0Contrata\u00e7\u00e3o de empresa especializada para presta\u00e7\u00e3o de servi\u00e7os com regime de dedica\u00e7\u00e3o exclusiva de m\u00e3o de obra, prestados de forma cont\u00ednua, para apoio \u00e0s atividades administrativas, conserva\u00e7\u00e3o e manuten\u00e7\u00e3o, por interm\u00e9dio de postos de trabalho.<\/a><br \/>\n<a href=\"http:\/\/www.dgm.ufla.br\/site\/wp-content\/uploads\/2018\/08\/PE-042.2018-Contrata\u00e7\u00e3o-de-empresa-especializada-para-realizar-a-coleta-an\u00e1lise-e-avalia\u00e7\u00e3o-quantitativa-de-agentes-f\u00edsicos-e-qu\u00edmicos..zip\">PE 042.2018 &#8211; Contrata\u00e7\u00e3o de empresa especializada para realizar a coleta, an\u00e1lise e avalia\u00e7\u00e3o quantitativa de agentes f\u00edsicos e qu\u00edmicos.<\/a><br \/>\n<a href=\"http:\/\/www.comprasnet.gov.br\/acesso.asp?url=\/edital-153032-05-46-2018\">PE 046.2018 &#8211; Contrata\u00e7\u00e3o de empresa especializada para presta\u00e7\u00e3o de servi\u00e7os continuados de limpeza, conserva\u00e7\u00e3o e desinfec\u00e7\u00e3o, com dedica\u00e7\u00e3o exclusiva de m\u00e3o de obra e fornecimento de materiais, equipamentos e insumos necess\u00e1rios ao atendimento das necessidades da Universidade Federal de Lavras.<\/a><br \/>\n<a href=\"http:\/\/www.comprasnet.gov.br\/acesso.asp?url=\/edital-153032-05-52-2018\">PE 052.2018 &#8211; Contrata\u00e7\u00e3o de empresa especializada na presta\u00e7\u00e3o de servi\u00e7os de coleta, transporte, tratamento, utilizando os m\u00e9todos de autoclavagem, incinera\u00e7\u00e3o ou micro-ondas, e destina\u00e7\u00e3o final de res\u00edduos s\u00f3lidos em sa\u00fade dos grupos A, B e E, conforme condi\u00e7\u00f5es, quantidades e exig\u00eancias estabelecidas no Edital e seus anexos.<\/a><\/p>\n<p>&nbsp;<\/p>\n<h3><strong>\u00a0SISTEMA DE REGISTRO DE PRE\u00c7OS (SRP)<\/strong><\/h3>\n<p>&nbsp;<\/p>\n<p><a href=\"http:\/\/www.dgm.ufla.br\/site\/wp-content\/uploads\/2018\/04\/PE-SRP-3.2018-Fornecimento-de-microsc\u00f3pio-\u00f3ptico-da-marca-Nikon-modelo-Eclipse-NI-U-para-bright-field-dark-field-luz-polarizada-e-adapta\u00e7\u00f5es-para-epifluoresc\u00eancia.pdf\">PE SRP 003.2018 &#8211; Fornecimento de microsc\u00f3pio \u00f3ptico da marca Nikon, modelo Eclipse NI-U, para bright field, dark field, luz polarizada e adapta\u00e7\u00f5es para epifluoresc\u00eancia.<br \/>\n<\/a><a href=\"http:\/\/www.dgm.ufla.br\/site\/wp-content\/uploads\/2018\/05\/PE-SRP-004.2018-Fornecimento-e-ministra\u00e7\u00e3o-de-doses-de-vacina-tetravalente-contra-a-gripe..pdf\">PE SRP 004.2018 &#8211; Fornecimento e ministra\u00e7\u00e3o de doses de vacina tetravalente contra a gripe.<br \/>\n<\/a><a href=\"http:\/\/www.dgm.ufla.br\/site\/wp-content\/uploads\/2018\/03\/PE-SRP-006.2018-Aquisi\u00e7\u00e3o-de-Drones-e-C\u00e2mera-T\u00e9rmica-e-Espectral..pdf\">PE SRP 006.2018 &#8211; Aquisi\u00e7\u00e3o de Drones e C\u00e2mera T\u00e9rmica e Espectral.<br \/>\n<\/a><a href=\"http:\/\/www.dgm.ufla.br\/site\/wp-content\/uploads\/2018\/04\/PE-SRP-07.2018-Fornecimento-de-Gramas-Esmeralda-e-Sao-Carlos.pdf\">PE SRP 007.2018 &#8211; Fornecimento de Gramas (Esmeralda e Sao Carlos).<br \/>\n<\/a><a href=\"http:\/\/www.dgm.ufla.br\/site\/wp-content\/uploads\/2018\/05\/PE-SRP-008.2018-Aquisi\u00e7\u00e3o-de-casa-de-vegeta\u00e7\u00e3o-em-estrutura-met\u00e1lica-com-o-servi\u00e7o-de-instala\u00e7\u00e3o-por-metro-quadrado.-1.pdf\">PE SRP 008.2018 &#8211; Aquisi\u00e7\u00e3o de casa de vegeta\u00e7\u00e3o em estrutura met\u00e1lica com o servi\u00e7o de instala\u00e7\u00e3o por metro quadrado.<br \/>\n<\/a><a href=\"http:\/\/www.dgm.ufla.br\/site\/wp-content\/uploads\/2018\/04\/PE-SRP-009.2018-AQUISICAO-DE-PROJETORES-MULTIMIDIA-V01.pdf\">PE SRP 009.2018 &#8211; Aquisi\u00e7\u00e3o de Projetores Multim\u00eddia.<br \/>\n<\/a><a href=\"http:\/\/www.dgm.ufla.br\/site\/wp-content\/uploads\/2018\/03\/PE-SRP-011.2018-Aquisi\u00e7\u00e3o-de-Gravadores-e-Leitores-RFID-ALTERA\u00c7\u00c3O..pdf\">PE SRP 011.2018 &#8211; Aquisi\u00e7\u00e3o de Gravadores e Leitores RFID &#8211; ALTERA\u00c7\u00c3O.<br \/>\n<\/a><a href=\"http:\/\/www.dgm.ufla.br\/site\/wp-content\/uploads\/2018\/03\/PE-SRP-016.2018-Fornecimento-de-alimentos-para-animais-e-maravalha..pdf\">PE SRP 016.2018 &#8211; Fornecimento de alimentos para animais e maravalha.<br \/>\n<\/a><a href=\"http:\/\/www.dgm.ufla.br\/site\/wp-content\/uploads\/2018\/05\/PE-SRP-018.2018-Aquisi\u00e7\u00e3o-de-equipamentos-de-\u00e1udio-e-v\u00eddeo..pdf\">PE SRP 018.2018 &#8211; Aquisi\u00e7\u00e3o de equipamentos de \u00e1udio e v\u00eddeo.<\/a><br \/>\n<a href=\"http:\/\/www.dgm.ufla.br\/site\/wp-content\/uploads\/2018\/07\/PE-SRP-22.2018-Fornecimento-de-materiais-de-coudelaria-de-ca\u00e7a-e-pesca..pdf\">PE SRP 022.2018 &#8211; Fornecimento de materiais de coudelaria de ca\u00e7a e pesca.<\/a><br \/>\n<a href=\"http:\/\/www.dgm.ufla.br\/site\/wp-content\/uploads\/2018\/06\/PE-SRP-023.2018-Fornecimento-de-materiais-de-Prote\u00e7\u00e3o-e-Seguran\u00e7a..pdf\">PE SRP 023.2018 &#8211; Fornecimento de materiais de Prote\u00e7\u00e3o e Seguran\u00e7a.<\/a><br \/>\n<a href=\"http:\/\/www.dgm.ufla.br\/site\/wp-content\/uploads\/2018\/07\/PE-SRP-025.2018-FORNECIMENTO-DE-MATERIAIS-GR\u00c1FICOS-E-SACOLAS-ECOL\u00d3GICAS..pdf\">PE SRP 025.2018 &#8211; Fornecimento de materiais gr\u00e1ficos e sacolas ecol\u00f3gicas.<\/a><br \/>\n<a href=\"http:\/\/www.dgm.ufla.br\/site\/wp-content\/uploads\/2018\/05\/PE-SRP-026.2018-Fornecimento-de-alimentos-para-animais..pdf\">PE SRP 026.2018 &#8211; Fornecimento de alimentos para animais.<\/a><br \/>\n<a href=\"http:\/\/www.dgm.ufla.br\/site\/wp-content\/uploads\/2018\/06\/PE-SRP-027.2018-Fornecimento-de-gases-comprimidos-para-uso-medicinal..pdf\">PE SRP 027.2018 &#8211; Fornecimento de gases comprimidos para uso medicinal.<\/a><br \/>\n<a href=\"http:\/\/www.comprasnet.gov.br\/acesso.asp?url=\/edital-153032-05-32-2018\">PE SRP 032.2018 &#8211; Fornecimento de c\u00e2mara fria.<\/a><br \/>\n<a href=\"http:\/\/www.dgm.ufla.br\/site\/wp-content\/uploads\/2018\/08\/PE-SRP-33.2018-fornecimento-e-instala\u00e7\u00e3o-de-c\u00e2mara-frigor\u00edfica-e-prateleiras-para-ambientes-com-baixa-temperatura-e-alta-umidade-relativa..pdf\">PE SRP 033.2018 &#8211; Fornecimento e instala\u00e7\u00e3o de c\u00e2mara frigor\u00edfica e prateleiras para ambientes com baixa temperatura e alta umidade relativa.<\/a><br \/>\n<a href=\"http:\/\/www.dgm.ufla.br\/site\/wp-content\/uploads\/2018\/07\/PE-SRP-34.2018-Contrata\u00e7\u00e3o-de-Empresa-Especializada-Visando-ao-Fornecimento-de-Insumos-da-Constru\u00e7\u00e3o-Civil-da-Tabela-SINAPI.pdf\">PE SRP 034.2018 &#8211; Contrata\u00e7\u00e3o de Empresa Especializada Visando ao Fornecimento de Insumos da Constru\u00e7\u00e3o Civil da Tabela SINAPI.<\/a><br \/>\n<a href=\"http:\/\/www.dgm.ufla.br\/site\/wp-content\/uploads\/2018\/07\/PE-SRP-036.2018-Fornecimento-de-equipamentos-laboratoriais.pdf\">PE SRP 036.2018 &#8211; Fornecimento de equipamentos laboratoriais.<\/a><br \/>\n<a href=\"http:\/\/www.dgm.ufla.br\/site\/wp-content\/uploads\/2018\/07\/PE-SRP-037.2018-Fornecimento-de-alimentos-para-animais..zip\">PE SRP 037.2018 &#8211; Fornecimento de alimentos para animais.<\/a><br \/>\n<a href=\"http:\/\/www.dgm.ufla.br\/site\/wp-content\/uploads\/2018\/08\/PE-SRP-38.2018-Fornecimento-de-equipamentos-para-os-cursos-da-\u00c1rea-B\u00e1sica-de-Ingresso-ABI-Engenharias..pdf\">PE SRP 038.2018 &#8211; Fornecimento de equipamentos para os cursos da \u00c1rea B\u00e1sica de Ingresso (ABI) &#8211; Engenharias I.<\/a><br \/>\n<a href=\"http:\/\/www.dgm.ufla.br\/site\/wp-content\/uploads\/2018\/08\/PE-SRP-39-2018-mais-atual.pdf\">PE SRP 039 2018 &#8211; Fornecimento de equipamentos para os cursos da \u00c1rea B\u00e1sica de Ingresso (ABI) &#8211; Engenharias II.<\/a><br \/>\n<a href=\"http:\/\/www.dgm.ufla.br\/site\/wp-content\/uploads\/2018\/08\/PE-SRP-24.2018-Fornecimento-de-Eletrodom\u00e9sticos-Ventiladores-e-Telefones..pdf\">PE SRP 024.2018 &#8211; Fornecimento de Eletrodom\u00e9sticos, Ventiladores e Telefones.<\/a><br \/>\n<a href=\"http:\/\/www.comprasnet.gov.br\/acesso.asp?url=\/edital-153032-05-41-2018\">PE SRP 041.2018 &#8211; Contrata\u00e7\u00e3o de empresas especializadas visando ao fornecimento de publica\u00e7\u00f5es nacionais de diversas \u00e1reas do conhecimento para atender \u00e0s necessidades da Biblioteca Universit\u00e1ria.<\/a><br \/>\n<a href=\"http:\/\/www.dgm.ufla.br\/site\/wp-content\/uploads\/2018\/08\/PE-SRP-43-2018-Fornecimento-de-g\u00eaneros-aliment\u00edcios.pdf\">PE SRP 043-2018 &#8211; Fornecimento de g\u00eaneros aliment\u00edcios e materiais de limpeza para o restaurante universit\u00e1rio.<\/a><br \/>\n<a href=\"http:\/\/www.dgm.ufla.br\/site\/wp-content\/uploads\/2018\/09\/PE-SRP-044.2018-Fornecimento-de-equipamentos-para-os-cursos-da-\u00c1rea-B\u00e1sica-de-Ingresso-ABI-Engenharias-III.pdf\">PE SRP 044.2018 &#8211; Fornecimento de equipamentos para os cursos da \u00c1rea B\u00e1sica de Ingresso (ABI) &#8211; Engenharias III.<\/a><br \/>\n<a href=\"http:\/\/www.comprasnet.gov.br\/acesso.asp?url=\/edital-153032-05-45-2018\">PE SRP 045.2018 &#8211; Fornecimento de Lanches para Crian\u00e7as em idade escolar, para atender \u00e0s necessidades o N\u00facleo de Educa\u00e7\u00e3o da Inf\u00e2ncia-NEDI.<\/a><br \/>\n<a href=\"http:\/\/www.dgm.ufla.br\/site\/wp-content\/uploads\/2018\/09\/PE-SRP-48.2018-Fornecimento-de-materiais-farmacol\u00f3gico-medicamentos-e-materiais-hospitalares-veterin\u00e1rios..pdf\">PE SRP 048.2018 &#8211; Fornecimento de materiais farmacol\u00f3gico, medicamentos e materiais hospitalares veterin\u00e1rios.<\/a><br \/>\n<a href=\"http:\/\/www.dgm.ufla.br\/site\/wp-content\/uploads\/2018\/09\/PE-049.2018-Fornecimento-de-sementes-e-ovos-de-anagasta..pdf\">PE SRP 049.2018 &#8211; Fornecimento de sementes de milho e ovos de anagasta.<\/a><br \/>\n<a href=\"http:\/\/www.dgm.ufla.br\/site\/wp-content\/uploads\/2018\/09\/PE-SRP-50.2018-Aquisicao-de-agenda-e-sacolas-de-papel-Klabin..pdf\">PE SRP 050.2018 &#8211; Aquisi\u00e7\u00e3o de agendas UFLA e sacolas de papel Klabin.<\/a><br \/>\n<a href=\"http:\/\/www.dgm.ufla.br\/site\/wp-content\/uploads\/2018\/09\/PE-SRP-Fornecimento-de-cama-tipo-beliche-colch\u00e3o-e-forno-microondas..pdf\">PE SRP 051.2018 &#8211; Fornecimento de cama tipo beliche, colch\u00e3o e forno microondas.<\/a><br \/>\n<a href=\"http:\/\/www.comprasnet.gov.br\/acesso.asp?url=\/edital-153032-05-54-2018\">PE SRP 054.2018 &#8211; Fornecimento de Material Hospitalar e Reagente.<\/a><br \/>\n<a href=\"http:\/\/www.comprasnet.gov.br\/acesso.asp?url=\/edital-153032-05-55-2018\">PE SRP 055.2018 &#8211; Aquisi\u00e7\u00e3o de Poltronas para Audit\u00f3rio.<\/a><br \/>\n<a href=\"http:\/\/www.comprasnet.gov.br\/acesso.asp?url=\/edital-153032-05-56-2018\">PE SRP 056.2018 &#8211; Fornecimento de equipamentos para os cursos da \u00c1rea B\u00e1sica de Ingresso (ABI) &#8211; Engenharias V.<\/a><br \/>\n<a href=\"http:\/\/www.comprasnet.gov.br\/acesso.asp?url=\/edital-153032-05-57-2018\">PE SRP 057.2018 &#8211; Aquisi\u00e7\u00e3o de M\u00f3veis Planejados.<\/a><br \/>\n<a href=\"http:\/\/www.comprasnet.gov.br\/acesso.asp?url=\/edital-153032-05-58-2018\">PE SRP 058.2018 &#8211; Fornecimento de equipamentos para o curso de Medicina.<\/a><a href=\"http:\/\/www.comprasnet.gov.br\/acesso.asp?url=\/edital-153032-05-59-2018\">PE SRP 059.2018 &#8211; Fornecimento e instala\u00e7\u00e3o de parede em gesso acartonado, tipo dry-wall, acabada no local. <\/a><br \/>\n<a href=\"http:\/\/www.comprasnet.gov.br\/acesso.asp?url=\/edital-153032-05-60-2018\">PE SRP 060.2018 &#8211; Fornecimento de equipamentos para os cursos da \u00c1rea B\u00e1sica de Ingresso (ABI) &#8211; Engenharias VI.<\/a><br \/>\n<a href=\"http:\/\/www.comprasnet.gov.br\/acesso.asp?url=\/edital-153032-05-61-2018\">PE SRP 061.2018 &#8211; Fornecimento de equipamentos para os cursos da \u00c1rea B\u00e1sica de Ingresso (ABI) &#8211; Engenharias VII.<\/a><br \/>\n<a href=\"http:\/\/www.comprasnet.gov.br\/acesso.asp?url=\/edital-153032-05-62-2018\">PE SRP 062.2018 &#8211; Impress\u00e3o de livros.<\/a><br \/>\n<a href=\"http:\/\/www.comprasnet.gov.br\/acesso.asp?url=\/edital-153032-05-63-2018\">PE SRP 063.2018 &#8211; Aquisi\u00e7\u00e3o de materiais de expediente.<\/a><br \/>\n<a href=\"http:\/\/www.comprasnet.gov.br\/acesso.asp?url=\/edital-153032-05-64-2018\">PE SRP 064.2018 &#8211; Aquisi\u00e7\u00e3o de materiais de prote\u00e7\u00e3o e seguran\u00e7a.<\/a><br \/>\n<a href=\"http:\/\/www.comprasnet.gov.br\/acesso.asp?url=\/edital-153032-05-66-2018\">PE SRP 066.2018 &#8211; Fornecimento de equipamentos para os cursos da \u00e1rea B\u00e1sica de Ingresso ABI do Departamento de Engenharia e\u00a0 Medicina do Departamento de Ci\u00eancia da Sa\u00fade.<\/a><br \/>\n<a href=\"http:\/\/www.comprasnet.gov.br\/acesso.asp?url=\/edital-153032-05-67-2018\">PE SRP 067.2018 &#8211; Aquisi\u00e7\u00e3o de materiais de expediente II.<\/a><br \/>\n<a href=\"http:\/\/www.comprasnet.gov.br\/acesso.asp?url=\/edital-153032-05-68-2018\">PE SRP 068.2018 &#8211; Aquisi\u00e7\u00e3o de materiais de expediente III, laboratoriais e utiliza\u00e7\u00e3o em gr\u00e1fica.<\/a><br \/>\n<a href=\"http:\/\/www.comprasnet.gov.br\/acesso.asp?url=\/edital-153032-05-69-2018\">PE SRP 069.2018 &#8211; Fornecimento e instala\u00e7\u00e3o de aparelhos de ar condicionado.<\/a><br \/>\n<a href=\"http:\/\/www.comprasnet.gov.br\/acesso.asp?url=\/edital-153032-05-71-2018\">PE SRP 071.2018 &#8211; <\/a><a href=\"http:\/\/www.comprasnet.gov.br\/acesso.asp?url=\/edital-153032-05-71-2018\">Fornecimento de equipamentos para os cursos da \u00e1rea B\u00e1sica de Ingresso ABI,\u00a0 Medicina do Departamento de Ci\u00eancia da Sa\u00fade e PAPP.<\/a><br \/>\n<a href=\"http:\/\/www.comprasnet.gov.br\/acesso.asp?url=\/edital-153032-05-73-2018\">PE SRP 073.2018 &#8211; Aquisi\u00e7\u00e3o de Materiais de Prote\u00e7\u00e3o e Seguran\u00e7a<\/a><a href=\"http:\/\/www.comprasnet.gov.br\/acesso.asp?url=\/edital-153032-05-73-2018\">.<\/a><br \/>\n<a href=\"http:\/\/www.comprasnet.gov.br\/acesso.asp?url=\/edital-153032-05-74-2018\">PE SRP 074.2018 &#8211; Fornecimento de g\u00e1s liquefeito de petr\u00f3leo.\u00a0<\/a><br \/>\n<a href=\"http:\/\/www.comprasnet.gov.br\/acesso.asp?url=\/edital-153032-05-75-2018\">PE SRP 075.2018 &#8211; Fornecimento de fornecimento de medicamentos e material hospitalar.<\/a><br \/>\n<a href=\"http:\/\/www.comprasnet.gov.br\/acesso.asp?url=\/edital-153032-05-76-2018\">PE SRP 076.2018 &#8211; Fornecimento de equipamentos para os cursos da \u00c1rea B\u00e1sica de Ingresso ABI , Medicina do Departamento de Ci\u00eancia da Sa\u00fade da Universidade Federal de Lavras.<\/a><br \/>\n<a href=\"http:\/\/www.comprasnet.gov.br\/acesso.asp?url=\/edital-153032-05-77-2018\">PE SRP 077.2018 &#8211; Firewal<\/a><br \/>\n<a href=\"http:\/\/www.comprasnet.gov.br\/acesso.asp?url=\/edital-153032-05-78-2018\">PE SRP 078.2018 &#8211; Aquisi\u00e7\u00e3o de materiais de limpeza, produtos de higieniza\u00e7\u00e3o e para manuten\u00e7\u00e3o de ve\u00edculos. <\/a><br \/>\n<a href=\"http:\/\/www.comprasnet.gov.br\/acesso.asp?url=\/edital-153032-05-79-2018\">PE SRP 079.2018 &#8211; \u00a0Fornecimento e instala\u00e7\u00e3o de cabine de seguran\u00e7a qu\u00edmica com sistema de exaust\u00e3o e de sistema de exaust\u00e3o com coifa 3 \u00e1guas em a\u00e7o inox.\u00a0<\/a><br \/>\n<a href=\"http:\/\/www.comprasnet.gov.br\/acesso.asp?url=\/edital-153032-05-80-2018\">PE SRP 080.2018 &#8211;\u00a0Contrata\u00e7\u00e3o de empresa especializada com vistas \u00e0 presta\u00e7\u00e3o dos servi\u00e7os de fornecimento de alimenta\u00e7\u00e3o para eventos conforme condi\u00e7\u00f5es, quantidades, exig\u00eancias e estimativas, estabelecidas no edital e seus anexos. <\/a><br \/>\n<a href=\"http:\/\/www.comprasnet.gov.br\/acesso.asp?url=\/edital-153032-05-81-2018\">PE SRP 081.2018 &#8211; A aquisi\u00e7\u00e3o de c\u00e2meras IPs, servidor para processamento e armazenamento de imagens e atualiza\u00e7\u00e3o e aquisi\u00e7\u00e3o de licen\u00e7as de software para sistema de videomonitoramento DIGIFORT.\u00a0<\/a><br \/>\n<a href=\"http:\/\/www.comprasnet.gov.br\/acesso.asp?url=\/edital-153032-05-82-2018\">PE SRP 082.2018 &#8211;\u00a0Fornecimento de microgeradores fotovoltaicos para demanda de gera\u00e7\u00e3o de 40 kWp. <\/a><br \/>\n<a href=\"http:\/\/www.comprasnet.gov.br\/acesso.asp?url=\/edital-153032-05-83-2018\">PE SRP 083.2018 &#8211;\u00a0Aquisi\u00e7\u00e3o de equipamentos gerais.<\/a><br \/>\n<a href=\"http:\/\/www.comprasnet.gov.br\/acesso.asp?url=\/edital-153032-05-84-2018\">PE SRP 084.2018 &#8211;\u00a0Aquisi\u00e7\u00e3o de materiais de limpeza e produtos de higieniza\u00e7\u00e3o.<\/a><br \/>\n<a href=\"http:\/\/www.comprasnet.gov.br\/acesso.asp?url=\/edital-153032-05-86-2018\">PE SRP 086.2018 &#8211;\u00a0Aquisi\u00e7\u00e3o de utens\u00edlios para laborat\u00f3rio e ra\u00e7\u00e3o para roedores.<\/a><\/p>\n<p>&nbsp;<\/p>\n<p>&nbsp;<\/p>\n<p>&nbsp;<\/p>\n<p>&nbsp;<\/p>\n<p>&nbsp;<\/p>\n<p>&nbsp;<\/p>\n<p>&nbsp;<\/p>\n<p>&nbsp;<\/p>\n","protected":false},"excerpt":{"rendered":"<p>TRADICIONAL &nbsp; PE 002.2018 &#8211; Aquisi\u00e7\u00e3o QGBT-Quadro Geral de Baixa Tens\u00e3o. PE 005.2018 &#8211; Servi\u00e7o de Telefonia M\u00f3vel Pessoal \u2013 STMP em sistema p\u00f3s-pago. PE 017.2018 &#8211; Contrata\u00e7\u00e3o de Leiloeiro Oficial, com vistas \u00e0 presta\u00e7\u00e3o dos servi\u00e7os de aliena\u00e7\u00e3o de bens m\u00f3veis. PE 019.2018 &#8211; Fornecimento de alimenta\u00e7\u00e3o, por interm\u00e9dio de postos de trabalho no &hellip; <a href=\"http:\/\/www.dgm.ufla.br\/site\/http-www-dgm-ufla-br-site-pregoes-eletronicos\/pregoes-eletronicos\/\" class=\"more-link\">Continue lendo <span class=\"screen-reader-text\">Preg\u00f5es Eletr\u00f4nicos<\/span> <span class=\"meta-nav\">&rarr;<\/span><\/a><\/p>\n","protected":false},"author":6,"featured_media":0,"parent":1639,"menu_order":0,"comment_status":"closed","ping_status":"closed","template":"","meta":[],"_links":{"self":[{"href":"http:\/\/www.dgm.ufla.br\/site\/wp-json\/wp\/v2\/pages\/1214"}],"collection":[{"href":"http:\/\/www.dgm.ufla.br\/site\/wp-json\/wp\/v2\/pages"}],"about":[{"href":"http:\/\/www.dgm.ufla.br\/site\/wp-json\/wp\/v2\/types\/page"}],"author":[{"embeddable":true,"href":"http:\/\/www.dgm.ufla.br\/site\/wp-json\/wp\/v2\/users\/6"}],"replies":[{"embeddable":true,"href":"http:\/\/www.dgm.ufla.br\/site\/wp-json\/wp\/v2\/comments?post=1214"}],"version-history":[{"count":73,"href":"http:\/\/www.dgm.ufla.br\/site\/wp-json\/wp\/v2\/pages\/1214\/revisions"}],"predecessor-version":[{"id":1701,"href":"http:\/\/www.dgm.ufla.br\/site\/wp-json\/wp\/v2\/pages\/1214\/revisions\/1701"}],"up":[{"embeddable":true,"href":"http:\/\/www.dgm.ufla.br\/site\/wp-json\/wp\/v2\/pages\/1639"}],"wp:attachment":[{"href":"http:\/\/www.dgm.ufla.br\/site\/wp-json\/wp\/v2\/media?parent=1214"}],"curies":[{"name":"wp","href":"https:\/\/api.w.org\/{rel}","templated":true}]}}